
7
Suppose -v = o, -12 = -3*v + 2*v + 5*o. What are the prime factors of 272/12*3/v?
2, 17
List the prime factors of 4/2 + 8 + 4 + -5.
3
Suppose 0 = 3*t - 0*y - 3*y - 75, 0 = 4*t + y - 100. Let x = -16 - 2. Let q = x + t. What are the prime factors of q?
7
Let i = 52 - 27. List the prime factors of i.
5
Suppose p = -0*k - 3*k + 17, p - 4*k + 11 = 0. Suppose 3*g + 11 = 4*y - 3*y, g - 2*y + 7 = 0. Let a = g + p. What are the prime factors of a?
2
Let k be (-8)/(2/(-1)) - 0. Let u = k - -2. Let i = 1 + u. List the prime factors of i.
7
What are the prime factors of 348/9*(3/(-2) - -3)?
2, 29
Let n(b) = -b**3 + 8*b**2 - 6*b + 2. Let u(q) = 6*q + 1. Let p be u(1). What are the prime factors of n(p)?
3
Suppose 2*q = -q + 60. Let d = q - 12. What are the prime factors of d?
2
Suppose -54 = c + 64. Let y be (-3)/(-18) - c/12. Suppose y - 2 = 2*o. List the prime factors of o.
2
Let k = 114 - 67. List the prime factors of k.
47
What are the prime factors of 5 + 1 - 3 - -86?
89
Let z = 125 + -77. What are the prime factors of z?
2, 3
Let l be 16 + 4 - (-4)/(-2). Suppose q + 3*y = l, 3*y - 66 = q - 6*q. What are the prime factors of q?
2, 3
Suppose 2*m + 0*m - 110 = -3*g, 0 = m - 4*g - 55. Let o = m - 39. List the prime factors of o.
2
Let v = 37 + -33. What are the prime factors of v?
2
Suppose 0 = 4*z - 17 + 1. Suppose -2*x + x + 5*b = -14, 4*x - z*b + 8 = 0. Let q = 1 - x. What are the prime factors of q?
7
Suppose 131 = x + 2*c, 2*x + 2*c = -0*c + 256. List the prime factors of x.
5
Let r(l) = -14*l + 6. What are the prime factors of r(-1)?
2, 5
Suppose -n - 13 + 4 = 0. Let z be ((-5)/(-4))/(n/(-36)). Suppose -z*m + 5 = -55. List the prime factors of m.
2, 3
Let t(i) = -i + 21. Let h be t(-15). Suppose -h = o - 4*o. What are the prime factors of o?
2, 3
Let n(r) = -8*r - 8. Let y be n(-9). Let i = y + -43. What are the prime factors of i?
3, 7
Let p(i) = i**2 - 4*i - 3. Let n be p(5). Suppose n*z + 1 = 5*k - z, -12 = -4*z. Suppose 4*q + 0*u = -u + 31, 0 = 4*q - k*u - 22. List the prime factors of q.
7
Let z(q) = -8*q + 2. Let x be z(3). Let n be (-1 + (-1)/(-2))*x. Suppose -n = -o - 4. What are the prime factors of o?
7
Suppose -w + 3*w = 128. Suppose w = 4*d - 0*d. List the prime factors of d.
2
Let b(p) = -2*p**2 + 2*p - 1. Let s be b(3). Let g = s - -24. What are the prime factors of g?
11
Let d(i) = -i**3 + 3*i**2 + 2. Let a be d(3). Suppose -a*q + 21 = q. List the prime factors of q.
7
Let t(s) = -s + 7. Let o be t(6). Suppose 2*r = -3*d - 50, 0 = 2*d - r - 4 + 28. List the prime factors of (1/o)/((-2)/d).
7
Let j be -1 + 3 + -3 - -19. Suppose 4*x - j = x. List the prime factors of x.
2, 3
Let s(o) = -o + 4. List the prime factors of s(-6).
2, 5
Suppose 0 = 4*b - 2*b. Let o(q) = -q - 1. Let r(l) = -6*l - 15. Let c(f) = 5*o(f) - r(f). List the prime factors of c(b).
2, 5
Let v = -34 - -85. What are the prime factors of v?
3, 17
Suppose 2*p + 25 - 69 = 0. Suppose 4*f = 2 + p. Suppose 2*a + a - f = 0. What are the prime factors of a?
2
Let h = 106 + -63. Suppose k = -0*p + 2*p - 16, 5*p - h = k. What are the prime factors of p?
3
Let x be 2/2 + 9 + -12. Let i = x - -10. What are the prime factors of i?
2
Let o = 140 + -16. What are the prime factors of o?
2, 31
Let o = -34 - -124. What are the prime factors of o?
2, 3, 5
Let i(f) = -f**2 + 3*f - 2. Let l be i(2). Suppose l = -2*o + 4*a + 16, -26 + 5 = -2*o + 3*a. List the prime factors of o.
2, 3
Let d(w) = 5*w**2 - 2*w + 1. Let p be d(1). Suppose 5*q + 5 = 0, 3*h = p*h + 2*q - 21. List the prime factors of h.
23
Suppose -3*y = i - 12, -3*y + 4*i = y. List the prime factors of -6*((y - 3) + -2).
2, 3
Let z = -4 - -10. Suppose 0 = -q + z*q + 3*j - 86, -3*q = -4*j - 40. List the prime factors of q.
2
Let m(p) = -2*p - 7. List the prime factors of m(-7).
7
Let k(l) = 5*l**2 + 9*l + 4. Let c be k(-6). Suppose -2*f - 106 = -4*q - 0*f, 5*f = 5*q - c. What are the prime factors of q?
3
Suppose -3 + 1 = -c. Suppose -4*g + 2*g = c*q - 16, -5*q = 2*g - 52. What are the prime factors of q?
2, 3
Suppose 0 = -6*d + 2*d - 16. Let k = -5 - d. List the prime factors of k/3 + 75/9.
2
Let h(b) = 8*b**3 + 2*b**2 + 2*b + 1. Let q be h(-1). Let u(a) = 12 + 13 - 9 + a. What are the prime factors of u(q)?
3
Let w be (-3)/9 - (-140)/6. Let f = -10 + w. List the prime factors of f.
13
Let j = -5 - -1. Let q be (-80)/(-14) - j/14. Suppose -3*o + q + 0 = 0. List the prime factors of o.
2
List the prime factors of (-1 - 2/(-1))/(25/1825).
73
What are the prime factors of 242/6 + (-7 + 0)/21?
2, 5
Let x be (-2 - (-8)/4)/2. Suppose 4*w + x*r = -4*r + 36, 47 = 3*w - 2*r. What are the prime factors of w?
13
Let h = -386 + 549. List the prime factors of h.
163
Suppose -4*a = -3*y - 1, 3*a = 2*y + 6*a - 22. Suppose 0*z - z + y = 0. What are the prime factors of z?
5
Suppose 2*r = -6, 5*r + 991 = 3*z + 25. What are the prime factors of z?
317
Suppose 2*x = -2*u - 30, -x + 3*u - 3 = -0*x. Let s be 48/(-80) - 236/(-10). Let n = s + x. List the prime factors of n.
11
Suppose 0 = 6*x - 11*x + 255. List the prime factors of x.
3, 17
Suppose -3*b + 363 = 57. What are the prime factors of b?
2, 3, 17
Suppose 4*k = 2*z - 667 + 199, k = 3*z - 692. List the prime factors of z.
2, 5, 23
Let p(u) = 20*u + 4. What are the prime factors of p(11)?
2, 7
What are the prime factors of ((-1804)/(-12) - -1) + (-1)/3?
151
Suppose 4*v + 5*j = 20, -v + j = -2*v + 5. Let g be -2 + 4 - v/(-5). Suppose 0 = 3*m - c - 7, -m = -4*m + g*c + 9. What are the prime factors of m?
2
Let d(k) = 231*k**3 - 7*k - 3. Let y(r) = 77*r**3 - 2*r - 1. Let b(l) = 2*d(l) - 7*y(l). Let z be b(-1). Suppose 5*n = z - 18. List the prime factors of n.
2, 3
Let i = 20 - 25. Let o(d) = -7*d + 3. List the prime factors of o(i).
2, 19
Suppose 3*m + 58 = g, g - 4*g - 3*m + 222 = 0. What are the prime factors of g?
2, 5, 7
Let l(k) = 14*k**2 + 8*k - 16. List the prime factors of l(3).
2, 67
Suppose -5*k + 12 = -3*k. Let t = 4 - k. List the prime factors of t*1/2*-5.
5
Let y = 181 + -99. List the prime factors of y.
2, 41
Let i(c) = -c + 7. Let b be i(-7). Let p be 4/b - 76/(-28). Suppose 0 = -w + 2 + p. List the prime factors of w.
5
Suppose 3*d + 15 = 8*d. Suppose 72 = -t - d*t. Let i = -2 - t. What are the prime factors of i?
2
List the prime factors of 12/8*(-134)/(-3).
67
Let r = -10 + 5. Let p be r/(-2)*36/30. Suppose -i + p*u + 11 = -0*i, -u + 3 = i. List the prime factors of i.
5
What are the prime factors of (8/(-10))/((-10)/525)?
2, 3, 7
Let p be 6/((-6)/(-3)) + -1. Suppose 6*t - p*t - 360 = 0. What are the prime factors of (-6)/21 - t/(-21)?
2
Let n(v) = 3 + 3*v - 2 - 5*v + 3. What are the prime factors of n(-4)?
2, 3
Let m be (-8)/(-4) - 1*2. Suppose m*s + 4*s = 20. Suppose 10*l - s*l - 60 = 0. What are the prime factors of l?
2, 3
Let t(m) = m**2 + 2*m - 2. Let x be t(-5). Suppose 12*u = x*u - 23. What are the prime factors of u?
23
Suppose 0*h - h + 4 = 0. Suppose 2*x = -h*t + 22 + 32, 0 = -x + 1. List the prime factors of t.
13
List the prime factors of (-399)/(-6) - 6/(-4).
2, 17
Suppose -j - 2*j + 20 = -2*t, 20 = -5*t. Let s = j + -1. Let z = s - 1. List the prime factors of z.
2
Let s(q) = -8*q**2 + 1. Let n be s(-1). Let m be n - (1 + (-4 - -1)). Let g = 15 + m. What are the prime factors of g?
2, 5
Let g be (-6)/27 - 3970/(-45). Let r be (-1)/4 + 3/12. Suppose 3*a + 9 = r, 3*m + 4*a - g = -2*m. What are the prime factors of m?
2, 5
Let h = 13 - 2. What are the prime factors of h + (3 - 2)*-2?
3
Suppose r = 2*v - 9, -v - 5*r + 7 = 2*v. Suppose -4*h - v + 56 = -5*d, 4 = 3*h + 5*d. Let u = h + 0. List the prime factors of u.
2
What are the prime factors of ((-4)/(-6))/(1/42)?
2, 7
Let y = -33 - -39. Let h be 13/3 - 1/3. Suppose -f - 4*w = -y, -2*w + 4 = -3*f + h*f. List the prime factors of f.
2
Let a(u) = u**3. Let k be a(-2). Let i(f) = -4*f - 8. List the prime factors of i(k).
2, 3
Let i = -258 + 495. What are the prime factors of i?
3, 79
Let t(f) = 3*f**2 - 2*f - 1. What are the prime factors of t(3)?
2, 5
Suppose 2*u - 4*z - 28 = z, 5*u + 4*z - 4 = 0. Suppose 3*n - 8 = n, 0 = -u*l + 2*n + 60. List the prime factors of l.
17
Let d(b) be the first derivative of b**3/3 + b**2/2 + 6*b - 2. Let p(s) = s**2 + 6. Let o(h) = 4*d(h) - 3*p(h). What are the prime factors of